 is divided by o(4).
13
Let x(y) = 28*y + 295. What is the remainder when x(15) is divided by 48?
43
Let d = -26 + 57. Suppose 11*b - 8*b + j = 1767, -2*j = -5*b + 2934. Calculate the remainder when b is divided by d.
30
Let t = 0 + 3. Suppose -37 = -t*j + 5. Suppose o - 28 - 24 = 5*i, 2*o + i = 71. Calculate the remainder when o is divided by j.
9
Suppose 80 = 3*c - 1. Let u(j) = -5*j - 29. Let g be u(-7). What is the remainder when c is divided by 5/((-15)/g + 3)?
7
Suppose 30*q - 330 = -3*j + 31*q, -3*q + 9 = 0. Calculate the remainder when 953 is divided by j.
65
Let b be (-448)/((-2)/(-1)) + 4. Let j = 299 + b. What is the remainder when j is divided by 28?
23
Suppose 0 = -0*d + 5*d - 160. Suppose 3*o - 284*q + 289*q = 446, -770 = -5*o - 3*q. Calculate the remainder when o is divided by d.
29
Let j(f) = 11*f + 5*f - 11 - 8*f + 7*f**2 + f**3 + 3. Let k be j(-5). Suppose -k*x = x - 156. What is the remainder when x is divided by 11?
8
Suppose 1467 = -9*b - 108. Let x = 186 + b. Calculate the remainder when 27 is divided by x.
5
Suppose 4*d - 455 = -17*m + 20*m, 4*m = 28. What is the remainder when 556 is divided by d?
80
Suppose 0 = 3*x - 8*i + 11*i - 7002, -i - 4680 = -2*x. What is the remainder when x is divided by 39?
37
Let r(t) = -5*t**2 - 30*t + 6. Let p be r(-6). What is the remainder when 181 is divided by ((-248)/p)/(16/(-24))?
57
Let d = -5105 - -5199. What is the remainder when 929 is divided by d?
83
Let w(r) = -4*r**3 + 48*r + 97. Calculate the remainder when w(-6) is divided by 672.
1
Suppose -108 = 8*k - 4*k. Let j = k + 36. What is the remainder when (j/(-3))/(9/(-150)) is divided by 15?
5
Suppose 13908 = 31*m + 52*m + 39*m. What is the remainder when 320 is divided by m?
92
What is the remainder when (12 - (10 + 2)) + 1 + -4 + 119 is divided by 97?
19
Let c = -671 - -852. Calculate the remainder when c is divided by 175.
6
Let x(i) = -i**3 - i**2 + i - 10. Let t be x(0). What is the remainder when 18*(2 + 20/15) is divided by 34 - 5/(t/(-4))?
28
Let k = -25 + 129. Calculate the remainder when 1/(3 + (-311)/k) is divided by 7.
6
Let u = -58 - -56. Let k(j) = 27*j**2 - 4*j - 7. What is the remainder when k(u) is divided by 23?
17
Let g = 111181 - 111104. Suppose -3*r + 740 = 5*f - 8*r, 0 = -5*f - 2*r + 754. What is the remainder when f is divided by g?
73
Suppose 6*y + 47 = 485. Let i(h) = 4*h - 1. Suppose -3*u + 7 = 4*q - 0*q, -20 = -2*u + 5*q. Calculate the remainder when y is divided by i(u).
16
Let p be -2 + 4 + 9/(-9) - -3. Suppose -p*h + 6*h + 1 = -3*j, -2*j = -4*h - 26. What is the remainder when 186/j + -6 - 8/(-2) is divided by 32?
28
Suppose -3*t = 5*r - 132, -2*t + 12 = t. Let n = 479 + -420. Calculate the remainder when n is divided by r.
11
Let b = -17932 + 18053. What is the remainder when b is divided by 25?
21
Let o = 3831 - 3197. What is the remainder when o is divided by 109?
89
Let p(b) = -b**2 - 3*b - 5. Let x be p(-6). Let v = 1665 - 1693. Let d = x - v. What is the remainder when 11 is divided by d?
1
Suppose 2*o = 57 + 19. Suppose 5*u - 99 = 2*f - 757, -5*u - 1615 = -5*f. Suppose 0 = 9*j - 391 + f. What is the remainder when o is divided by j?
6
Let u be 2 + (-1743)/(6 + 1) + 0. Let c = u - -388. What is the remainder when c is divided by 25?
16
Suppose -2*k - 48 = -2*y, 5*y - 4*y + 116 = -4*k. What is the remainder when 247 is divided by 46 + (-7)/(k/16)?
47
Let t(f) = 375*f - 1766. Let n be 1*-3 + (12 - -5). Suppose 0*v - n = -v. Calculate the remainder when t(5) is divided by v.
11
Let y = 8276 - 1877. What is the remainder when y is divided by 160?
159
Suppose -3*a + d = -0*d - 29, 2*d = -3*a + 14. Let v be (a/(-6))/((-8)/12). Suppose 0 = -v*n + 6*n - 140. What is the remainder when n is divided by 10?
5
Suppose 12*w = 9*w + 309. Suppose 2*l + f = 3*l - w, -l + 99 = 3*f. Calculate the remainder when l is divided by (21/(-12))/((-1)/20).
32
Let b = 1878 + -1852. What is the remainder when 2674 is divided by b?
22
Suppose -564*a + 567*a - 3*o = 498, -4*o - 4 = 0. What is the remainder when 178 is divided by a?
13
Let a = -2 - -148. Suppose 120 = -140*b + a*b. Calculate the remainder when b is divided by 4.
0
Let m = -6923 + 7094. Calculate the remainder when 1872 is divided by m.
162
Suppose 2*d - 692 = -4*x, x + 1052 = 6*d - 3*d. Let m = d - 236. Let w(g) = -3*g + 8. Calculate the remainder when m is divided by w(-7).
27
Suppose -35 = -3*a - 4*j - 0*j, 0 = -3*a - 5*j + 31. Suppose 4*v + 69 = 377. What is the remainder when v is divided by a?
9
Let l(t) = 234*t + 4. Suppose 4*w - 2 = 3*w. Calculate the remainder when l(w) is divided by 6.
4
Suppose 2*u = 5*m - 4144 - 4206, 0 = -3*m - 3*u + 5031. Calculate the remainder when m is divided by 80.
72
Suppose 0 = -4*y + 2*p - 8, 5*p + 11 + 9 = 0. Let r be (502/(-6))/(y/(4 - -8)). Suppose 0 = 5*x - 39 - r. Calculate the remainder when x is divided by 15.
13
Let n(y) = 15*y + 196. Let h(s) = 28*s + 393. Let k(d) = 2*h(d) - 5*n(d). Calculate the remainder when 185 is divided by k(-13).
26
Suppose 195 = 8*u + 5*x, x = -2*x + 21. What is the remainder when 434 is divided by u?
14
Let r(w) = w**2 - w + 4. Let j be r(0). Suppose 2*z = j, 78 + 26 = -4*u + 2*z. Calculate the remainder when (-5)/u*5 - (1 - 21) is divided by 4.
1
Suppose 5*w = w + 24. Let t(b) = -10*b**3 + 2422*b**2 - 472*b - 2875. Calculate the remainder when t(242) is divided by w.
5
Let m = 71 - 66. Suppose 0 = 4*n - m*g - 62, 3*n = -5*g + 29 - 0. Suppose -d + 46 = 5*v - 261, 4*v - 250 = -3*d. Calculate the remainder when v is divided by n.
9
Let r be 0 - 1/8 - 4902/(-688). Suppose -3*h + 0*h = -108. Suppose -q = -r*q + h. What is the remainder when q is divided by 4?
2
Suppose 1803 - 411 = 4*x + 4*l, 4*x + l - 1383 = 0. What is the remainder when 2425 is divided by x?
10
Let q be (6 - (-55)/(-10))*-88. What is the remainder when (-17)/(-4)*(8 - q) is divided by 8?
5
Suppose 2*l = -4*s + 2872, 1804*s + 2*l = 1805*s - 708. What is the remainder when s is divided by 38?
32
Suppose 4*d + 6*d + 200 = 0. Calculate the remainder when 2/(-1)*(15 + d) is divided by 6.
4
Let n = -8629 - -8704. Calculate the remainder when 688 is divided by n.
13
Let u(m) = 627*m - 8315. What is the remainder when u(14) is divided by 61?
36
Let c = 13414 + -13338. Suppose 4*v = 2*l + 26, l - 33 = -2*v - 2*l. Suppose -4*d + 51 = -w + 2*w, 3*d - v = 0. What is the remainder when c is divided by w?
37
Let m be (11 - 11)/((-9)/(-3)). Suppose -13*r + 19*r - 150 = m. What is the remainder when 70 is divided by r?
20
Let c(j) = j**3 - 8*j**2 + 22*j - 95. Calculate the remainder when c(8) is divided by 22.
15
Let a(r) = -68*r**2 - 280*r - 15. Suppose -3*o + 3 = 3*x, 2*x + 7 = o + 18. Suppose -l = -x*l + 198. What is the remainder when l is divided by a(-4)?
15
Suppose -5*p = -11*p + 48. Suppose 2*d = 3*n + p, 2*d + 5*n + 2 = 10. Calculate the remainder when 7 is divided by d.
3
Let q be -10*252/(-4)*(-1)/(-2). Suppose 3*k + 5*h = 5*k + 147, 3*h = 4*k + q. What is the remainder when 27 is divided by (12/14)/(k/(-756))?
3
Suppose -218*o + 1363 = 4*i - 217*o, 0 = -o + 7. What is the remainder when i is divided by 87?
78
Suppose 2*o + 5*h + 2 = 0, -5*o - 5*h + 30 = 5. Let w = -1025 + 1067. What is the remainder when w is divided by o?
6
Let w(p) = -39401 + 27*p - 2*p + 39456. Calculate the remainder when w(4) is divided by 79.
76
Let z = 7333 - 7317. Calculate the remainder when 943 is divided by z.
15
Suppose 27*i - 18*i - 45 = 0. Suppose -19*z = -14*z - i*a - 50, a = 3*z - 38. What is the remainder when 70 is divided by z?
0
Let m = -13 - -23. Let d be ((-42)/(-24) + -1)*-4 + 458. Suppose d + 507 = 26*u. What is the remainder when u is divided by m?
7
Let s = -265 - -270. Suppose 5*k = -s*i + 145, 2*k + 3*i = 7*k - 145. What is the remainder when 85 is divided by k?
27
Suppose 812*j = -4*r + 811*j + 67, 0 = -2*r + 4*j + 20. Calculate the remainder when 69 is divided by r.
5
Calculate the remainder when 2829 is divided by ((16/2)/(-5 - (-124)/24))/1.
45
Suppose -713 - 806 = -7*w. Let y = -140 + w. Suppose -2*s = t - 60, -80 = -5*s + t + y. Calculate the remainder when 122 is divided by s.
29
Let r(o) = 6*o**2 + 3*o - 3. Let s be r(3). Suppose -249 = -3*h + s. What is the remainder when h is divided by 27?
22
Suppose 310*u - 126 =